) be the first derivative of t**6/60 + t**5/60 + t**4/12 + t**3/6 - 11*t**2/2 + t - 61. Let y(q) be the second derivative of h(q). What is y(-1)?
-2
Let d = -247 + 255. Let y(a) be the third derivative of a**5/60 - a**4/3 + a**3/2 - 8*a**2. Calculate y(d).
3
Let x(c) = -3*c**2 - 2*c - 4. Let m(s) = -31*s + 1268. Let k be m(41). What is x(k)?
-25
Suppose 117 - 66 = o. Let i = -42 + o. Let n(v) = v**2 - 10*v + 4. Calculate n(i).
-5
Let i(w) = -14*w**2 + w - 5. Let t(h) = 3*h**2 + 1. Let k(o) = 2*i(o) + 9*t(o). Let d be k(1). Let j(y) = -2*y + 2. Determine j(d).
2
Let f(s) = 4*s**3 - 8*s**2 - 8. Let d(t) = 3*t**3 - 7*t**2 - 7. Suppose 8*j - 14*j - 18 = 0. Let x(p) = j*d(p) + 2*f(p). Calculate x(5).
5
Let j(l) = -51*l + 13. Let s(v) = -330*v + 80. Let r(p) = 39*j(p) - 6*s(p). Determine r(6).
-27
Suppose 4*s = -5*n + 6*n + 341, 3*s = -4*n + 251. Let f = s + -94. Let b(a) = 2*a + 16. Calculate b(f).
-2
Let r(t) = t**2 - t + 27. Suppose 5*k - 524 = -514. Let b be 1 - (2 - 2/2). Suppose 0 = -k*j - b*j. Calculate r(j).
27
Let k(z) = -z**2 + 5*z + 16. Suppose -l = 1 - 8. Let n be k(l). Suppose n*d + 2*f + 4 = -6, 3*d - 5*f + 7 = 0. Let u(t) = t**3 + 5*t**2 + 2*t - 5. What is u(d)?
3
Suppose -6*w + 91 = 25. Let o(l) = w + 3 - 4 + 4*l - 5*l. What is o(11)?
-1
Let x(j) = -j**3 + 15*j**2 - 16*j + 20. Suppose -6*z = -z + 925. Let p = z + 199. Determine x(p).
-8
Suppose 104*f - 109*f + 5*g - 30 = 0, -g - 42 = 5*f. Let t(o) = -o. Let x(z) = 3*z + 14. Let v(d) = -2*t(d) - x(d). Calculate v(f).
-6
Let k(i) = 6*i**3 + 11*i**2 + 3. Let y(l) = 10*l**2 - 373*l**3 + 380*l**3 + l**2 + 2*l**2 + 4. Let x(t) = 6*k(t) - 5*y(t). Determine x(0).
-2
Let t(i) = -8*i**2 - 5. Let f(n) = 3*n**2 - 2*n + 3. Let l(s) = 6*f(s) + 2*t(s). Give l(5).
-2
Suppose -5*j - 5 = -4*j. Let r(b) = 15*b + 5. Let i(k) = 8*k + 2. Let d(c) = -5*i(c) + 3*r(c). Let f(a) = -5*a - 4. Let w(z) = j*d(z) - 6*f(z). What is w(2)?
9
Let y(k) = -1395*k - 30 - 34 + 56 + 1399*k + 5. Let m = 0 - -7. Give y(m).
25
Let j(p) = p**2 + 10*p - 22. Suppose 4*m - 77 = 5*g, 2*g - 2*m = -g - 45. Calculate j(g).
17
Let l(a) = -a**3 + 12*a**2 - 24*a - 27. Let r be l(9). Suppose r = -2*p + 106 - 126. Let f(d) = -2*d + 1. Calculate f(p).
21
Let h = 3651 - 3642. Let p(d) = -12*d + 102. What is p(h)?
-6
Let w(v) = v**2 - 5*v - 11. Let d = 1947 - 1952. What is w(d)?
39
Suppose -68*f - 8*f - 22*f = -1960. Let s(y) be the second derivative of -f*y - 5/3*y**3 - 1/20*y**5 + 0 - 13/2*y**2 - 5/6*y**4. What is s(-9)?
-4
Let d(k) = -2*k**3 - 5*k**2 - 21*k + 3. Let f be d(-5). Let r(y) = -4 + y**2 - 238*y + f*y - 5. Suppose 2*g - 7 = 7. Calculate r(g).
5
Let t(s) = s**2 - 39*s + 30. Let d(r) = r**2 - 29*r + 28. Let l(u) = 3*d(u) - 2*t(u). What is l(5)?
4
Let b = -12 - -19. Let m(n) = -9*n**2 + 8*n - 2. Let i(r) = -5*r**2 + 5*r - 1. Let q(j) = 11*i(j) - 6*m(j). What is q(b)?
1
Let g(s) be the third derivative of -s**5/30 + 3*s**4/8 + 3*s**3 + 157*s**2 - 2*s - 2. Determine g(-5).
-77
Let r(n) be the first derivative of -n**4/4 + 31*n**3/3 - n**2/2 + 32*n + 299. Give r(31).
1
Let l(h) = -h**2 + 9*h + 12. Let z(n) = n**3 - 6*n**2 - 8*n - 11. Let a be z(7). Let r be 45/a + (-92)/(-8). Calculate l(r).
12
Let s(g) = -g**2 + 4*g - 5. Let r = -290 - -278. Let f = -6 - -3. Let x be (0 + f)/(r/16). Calculate s(x).
-5
Suppose 8*k = 3*k - 5. Let m be ((-6)/(-2))/3*k. Let q(l) = -16*l + 9. Let n(o) = 81*o - 50. Let j(v) = 2*n(v) + 11*q(v). Calculate j(m).
13
Suppose 0 = 2*f + f - 9. Let x(u) = 0*u**3 - 8 - u**3 + f*u - 2*u**2 - 9 + 16. Determine x(2).
-11
Let d(l) = 4*l**2 - 4. Let z be d(2). Let k(s) = -s - z + 3 + 12. Suppose 10 = -21*p + 23*p. Give k(p).
-2
Suppose 14*t + 1061 + 6359 = 0. Let p = t - -536. Let g(a) = -a**2 + 11*a - 27. Determine g(p).
3
Let k = 8462 - 8457. Let s(m) = 2*m**2 - 13*m - 1. What is s(k)?
-16
Let m(q) = -3 + 1 - q - 3. Let n = -61 - -178. Suppose 0 = 112*r - n*r - 45. Determine m(r).
4
Suppose 14*u - 19*u - 132 = 3*h, 5*u - 2*h + 87 = 0. Let x(n) = -n**3 - 21*n**2 + n + 23. What is x(u)?
2
Suppose -2*i + 9*i + 14 = 0. Let s(d) = 2*d - 3*d**2 + 28*d**2 - 12*d**2 - 12*d**2 + 4. Let k(p) = -p**2 - p - 1. Let h(z) = -6*k(z) - 2*s(z). Give h(i).
10
Suppose 0 = 3*l - 6 - 0. Let n(f) = 97*f + 563. Let p(q) = 75*q + 438. Let m(x) = 7*n(x) - 9*p(x). What is m(l)?
7
Let s(v) = -726 + 735 - 10*v - v**3 - 5*v**2 + 18*v**2 - 5*v. What is s(12)?
-27
Let q be (2/(-20) - (-112)/(-480))/((-2)/60). Let a(y) = y**2 - 14*y + 12. Determine a(q).
-28
Suppose 0 = 4*g - g - 9. Let s(n) = n**3 + 34*n - 123. Let q be s(3). Let f(k) = -k**g - 3*k + q*k - 4*k**2 + 2*k. Give f(-5).
0
Let p(h) = -4794*h**2 - 9 + 16 + 4796*h**2 + 11*h. What is p(-6)?
13
Let g be (2 - 1)*2/(-4)*0. Suppose g = 25*k - 28*k + 15. Let x(m) = -2*m - 1. Let w(o) = 2*o + 1. Let v(t) = k*w(t) + 4*x(t). What is v(4)?
9
Let o(v) be the first derivative of -v**6/180 + 7*v**5/40 - 3*v**4/4 + 4*v**3/3 - 25*v**2/2 + 167. Let l(s) be the third derivative of o(s). Give l(9).
9
Let u(p) = -p**3 + p**2 + p - 9. Suppose -4*d + 1877 = 45. Let a = -458 + d. What is u(a)?
-9
Let r(s) be the first derivative of -s**2/2 - 13. Let t(x) = -3*x + 3. Let u(d) = 2*r(d) - t(d). Let z(c) = -c**2 + 9*c + 6. Let m be z(9). Determine u(m).
3
Suppose 0*o = 3*o + 12. Let d be (o/3)/(151/51 + -3). Let w(m) = 12 + 18 - d + 4*m. Calculate w(6).
20
Let m = 31 + -28. Let r(f) = -m*f - f**2 + 3*f**2 - f**2. Let v(h) = -h**2 + 4*h + 6. Let s be v(4). Calculate r(s).
18
Let f be (-16368)/(-36) - (-4)/(-6). Let i = f - 459. Let w(r) = -r**2 - r - 3. Give w(i).
-23
Let h(k) = -4*k**2 - 44*k + 3. Let f be h(-11). Let d(g) = g**2 - 2*g - 3. Let w be d(-2). Let x(l) = 2 + w - 3 + l**3 - f + 2*l. Determine x(2).
13
Let h(j) = -2*j**3 - 5*j - 5. Let b(y) = -y**3 - 2*y**2 - 3*y - 4. Let u(c) = 3*b(c) - 2*h(c). Calculate u(6).
4
Let a(w) be the third derivative of w**4/8 - 11*w**3/3 + 52*w**2. Let y be a(13). Let v(r) = 36*r + 5 - 34*r - y. Calculate v(9).
6
Let s(k) = 5*k**3 + 122*k**2 + 49*k + 30. Suppose 23*l - 120 = 27*l - 3*c, 0 = 4*l - 4*c + 128. Give s(l).
6
Let k(o) = 0*o - 17 - 66 - 86*o + o**3 + 23485*o**2 - 23527*o**2. Give k(44).
5
Suppose 11*k - 89 = 417. Let f = -156 - -107. Let l = k + f. Let n(u) = 2*u**2 + u. What is n(l)?
15
Let q = -4653 + 4656. Let v(w) = 18*w + 7. Determine v(q).
61
Let z(j) = 3354 + 3346 - 6693 - 35*j. What is z(1)?
-28
Suppose -k + 5*d = 9 - 27, k = 4*d + 15. Suppose -s - 4*n = -6*s + 18844, 0 = 4*s + 4*n - 15068. Let b(j) = 0*j - 2*j - 3765*j**2 + s*j**2 - 3. Give b(k).
18
Suppose 4*r = -4*v - r + 23, v + 2*r - 8 = 0. Let h(l) = -7 + l**2 + l**3 - 6*l**v + 15*l**2 - 12*l. Determine h(-11).
4
Suppose -5*m - 26*m - 309 - 172 = -68*m. Let x(q) = -q + 15. Let s(n) = n - 16. Let l(z) = -3*s(z) - 4*x(z). Give l(m).
1
Let v(x) = -11*x - 75. Let c be v(-7). Let k(i) = 12*i - 94*i**c + 8 + 194*i**2 - 99*i**2. What is k(-11)?
-3
Let s(j) be the second derivative of -15*j**3/2 + 673*j**2/2 - 3127*j. Determine s(15).
-2
Let j = -656 - -678. Suppose -198 = j*d - 0*d. Let g(l) = -2*l - 5. Give g(d).
13
Let y(g) = g**2 - 2*g. Let d be y(2). Let x be (-2 - (2 + d)) + 0. Let u(p) be the first derivative of -3*p**2/2 - p - 11225. Determine u(x).
11
Let c(o) = -o**3 - 14*o**2 - 131*o - 1262. Let s be c(-12). Let z(h) = 4*h - 41. Determine z(s).
47
Suppose -3*s - 99 = -4*r, -38*r + 42*r - 4*s = 104. Let j(t) = -4*t + 92. Calculate j(r).
8
Let k(i) = 3950052 - i**2 - i**2 - 3950000 + 22*i. What is k(13)?
0
Let t(g) be the first derivative of g**4/4 - 19*g**3/3 - 22*g**2 + 37*g + 2334. Determine t(21).
-5
Let v(m) = 54*m + 111. Let f be v(7). Suppose -9*h - 516 = -f. Let l(n) = -n**3 - 3*n**2 - 5*n - 3. Determine l(h).
12
Let n(x) = x**2 - 23*x + 96. Let i be n(5). Suppose -i*w = -88 + 82. Let k(d) = 9*d**3 + d**2 - 1. Give k(w).
9
Let w(a) = -25*a - 1. Let o be 16/10*-1 + (570/75)/(-19). Determine w(o).
49
Suppose 0 = -l + l + 3*l. Let y(z) = -2*z**3 - z**2 - z - 9. Let t be (-8)/6*18/(-8). Let w(x) = x**3 - 1. Let m(d) = t*w(d) + y(d). Give m(l).
-12
Let v(y) = -41*y**3 - 7*y + 19*y**3 - 12*y**2 + 21*y**3 - 30*y. Give v(-5).
10
Suppose 2 - 28 = -4*f - 2*g, 2*g = 5*f - 19. Suppose -3*j - j + 28 = 0. Let n(k) = 4*k + 14. Let u(l) = -3*l - 9. Let p(t) = f*n(t) + j*u(t). What is p(4)?
3
Let v(n) be